[INFO] fetching crate replace-map 0.0.7...
[INFO] checking replace-map-0.0.7 against master#cfbc6d4cf1acbac5c025acf8ed68929caa551df3 for pr-75494-beta
[INFO] extracting crate replace-map 0.0.7 into /workspace/builds/worker-6/source
[INFO] validating manifest of crates.io crate replace-map 0.0.7 on toolchain cfbc6d4cf1acbac5c025acf8ed68929caa551df3
[INFO] running `Command { std: "/workspace/cargo-home/bin/cargo" "+cfbc6d4cf1acbac5c025acf8ed68929caa551df3" "read-manifest" "--manifest-path" "Cargo.toml", kill_on_drop: false }`
[INFO] started tweaking crates.io crate replace-map 0.0.7
[INFO] finished tweaking crates.io crate replace-map 0.0.7
[INFO] tweaked toml for crates.io crate replace-map 0.0.7 written to /workspace/builds/worker-6/source/Cargo.toml
[INFO] running `Command { std: "/workspace/cargo-home/bin/cargo" "+cfbc6d4cf1acbac5c025acf8ed68929caa551df3" "generate-lockfile" "--manifest-path" "Cargo.toml" "-Zno-index-update", kill_on_drop: false }`
[INFO] running `Command { std: "/workspace/cargo-home/bin/cargo" "+cfbc6d4cf1acbac5c025acf8ed68929caa551df3" "fetch" "--locked" "--manifest-path" "Cargo.toml", kill_on_drop: false }`
[INFO] running `Command { std: "docker" "create" "-v" "/var/lib/crater-agent-workspace/builds/worker-6/target:/opt/rustwide/target:rw,Z" "-v" "/var/lib/crater-agent-workspace/builds/worker-6/source:/opt/rustwide/workdir:ro,Z" "-v" "/var/lib/crater-agent-workspace/cargo-home:/opt/rustwide/cargo-home:ro,Z" "-v" "/var/lib/crater-agent-workspace/rustup-home:/opt/rustwide/rustup-home:ro,Z" "-e" "SOURCE_DIR=/opt/rustwide/workdir" "-e" "CARGO_TARGET_DIR=/opt/rustwide/target" "-e" "CARGO_HOME=/opt/rustwide/cargo-home" "-e" "RUSTUP_HOME=/opt/rustwide/rustup-home" "-w" "/opt/rustwide/workdir" "-m" "1610612736" "--user" "0:0" "--network" "none" "rustops/crates-build-env@sha256:a636fd89d022f18117e1dc8fb37a0a009933cdbbe082814857f0e2024962d47c" "/opt/rustwide/cargo-home/bin/cargo" "+cfbc6d4cf1acbac5c025acf8ed68929caa551df3" "metadata" "--no-deps" "--format-version=1", kill_on_drop: false }`
[INFO] [stdout] 0e232fde83afe5105fafb1282b40e605641bef4dad9681e0e6a0c72cdd4a9de7
[INFO] [stderr] WARNING: Your kernel does not support swap limit capabilities or the cgroup is not mounted. Memory limited without swap.
[INFO] running `Command { std: "docker" "start" "-a" "0e232fde83afe5105fafb1282b40e605641bef4dad9681e0e6a0c72cdd4a9de7", kill_on_drop: false }`
[INFO] running `Command { std: "docker" "inspect" "0e232fde83afe5105fafb1282b40e605641bef4dad9681e0e6a0c72cdd4a9de7", kill_on_drop: false }`
[INFO] running `Command { std: "docker" "rm" "-f" "0e232fde83afe5105fafb1282b40e605641bef4dad9681e0e6a0c72cdd4a9de7", kill_on_drop: false }`
[INFO] [stdout] 0e232fde83afe5105fafb1282b40e605641bef4dad9681e0e6a0c72cdd4a9de7
[INFO] running `Command { std: "docker" "create" "-v" "/var/lib/crater-agent-workspace/builds/worker-6/target:/opt/rustwide/target:rw,Z" "-v" "/var/lib/crater-agent-workspace/builds/worker-6/source:/opt/rustwide/workdir:ro,Z" "-v" "/var/lib/crater-agent-workspace/cargo-home:/opt/rustwide/cargo-home:ro,Z" "-v" "/var/lib/crater-agent-workspace/rustup-home:/opt/rustwide/rustup-home:ro,Z" "-e" "SOURCE_DIR=/opt/rustwide/workdir" "-e" "CARGO_TARGET_DIR=/opt/rustwide/target" "-e" "CARGO_INCREMENTAL=0" "-e" "RUST_BACKTRACE=full" "-e" "RUSTFLAGS=--cap-lints=forbid" "-e" "CARGO_HOME=/opt/rustwide/cargo-home" "-e" "RUSTUP_HOME=/opt/rustwide/rustup-home" "-w" "/opt/rustwide/workdir" "-m" "1610612736" "--user" "0:0" "--network" "none" "rustops/crates-build-env@sha256:a636fd89d022f18117e1dc8fb37a0a009933cdbbe082814857f0e2024962d47c" "/opt/rustwide/cargo-home/bin/cargo" "+cfbc6d4cf1acbac5c025acf8ed68929caa551df3" "check" "--frozen" "--all" "--all-targets" "--message-format=json", kill_on_drop: false }`
[INFO] [stdout] 1e185d24c9c11d939cb369b7d0ff6c2f6e6c98401a5bc9e52c5829d7425eeebf
[INFO] [stderr] WARNING: Your kernel does not support swap limit capabilities or the cgroup is not mounted. Memory limited without swap.
[INFO] running `Command { std: "docker" "start" "-a" "1e185d24c9c11d939cb369b7d0ff6c2f6e6c98401a5bc9e52c5829d7425eeebf", kill_on_drop: false }`
[INFO] [stderr]     Checking replace-map v0.0.7 (/opt/rustwide/workdir)
[INFO] [stdout] error[E0425]: cannot find function `read_and_zero` in module `ptr`
[INFO] [stdout]   --> src/lib.rs:46:22
[INFO] [stdout]    |
[INFO] [stdout] 46 |     *src = prod(ptr::read_and_zero(src as *mut T));
[INFO] [stdout]    |                      ^^^^^^^^^^^^^ not found in `ptr`
[INFO] [stdout] 
[INFO] [stdout] 
[INFO] [stdout] error[E0554]: `#![feature]` may not be used on the beta release channel
[INFO] [stdout]  --> src/lib.rs:1:1
[INFO] [stdout]   |
[INFO] [stdout] 1 | #![feature(core)]
[INFO] [stdout]   | ^^^^^^^^^^^^^^^^^
[INFO] [stdout] 
[INFO] [stdout] 
[INFO] [stdout] error[E0554]: `#![feature]` may not be used on the beta release channel
[INFO] [stdout]  --> src/lib.rs:2:19
[INFO] [stdout]   |
[INFO] [stdout] 2 | #![cfg_attr(test, feature(std_misc))]
[INFO] [stdout]   |                   ^^^^^^^^^^^^^^^^^
[INFO] [stdout] 
[INFO] [stdout] 
[INFO] [stdout] error[E0425]: cannot find function `read_and_zero` in module `ptr`
[INFO] [stdout]   --> src/lib.rs:46:22
[INFO] [stdout]    |
[INFO] [stdout] 46 |     *src = prod(ptr::read_and_zero(src as *mut T));
[INFO] [stdout]    |                      ^^^^^^^^^^^^^ not found in `ptr`
[INFO] [stdout] 
[INFO] [stdout] 
[INFO] [stdout] error[E0554]: `#![feature]` may not be used on the beta release channel
[INFO] [stdout]  --> src/lib.rs:1:1
[INFO] [stdout]   |
[INFO] [stdout] 1 | #![feature(core)]
[INFO] [stdout]   | ^^^^^^^^^^^^^^^^^
[INFO] [stdout] 
[INFO] [stdout] 
[INFO] [stdout] error: aborting due to 2 previous errors
[INFO] [stdout] 
[INFO] [stdout] 
[INFO] [stdout] Some errors have detailed explanations: E0425, E0554.
[INFO] [stdout] 
[INFO] [stdout] For more information about an error, try `rustc --explain E0425`.
[INFO] [stdout] 
[INFO] [stderr] error: could not compile `replace-map`.
[INFO] [stderr] 
[INFO] [stderr] To learn more, run the command again with --verbose.
[INFO] [stderr] warning: build failed, waiting for other jobs to finish...
[INFO] [stdout] error[E0599]: no function or associated item named `scoped` found for struct `std::thread::Thread` in the current scope
[INFO] [stdout]   --> src/lib.rs:67:26
[INFO] [stdout]    |
[INFO] [stdout] 67 |     std::thread::Thread::scoped(move || {
[INFO] [stdout]    |                          ^^^^^^ function or associated item not found in `std::thread::Thread`
[INFO] [stdout] 
[INFO] [stdout] 
[INFO] [stdout] error: aborting due to 4 previous errors
[INFO] [stdout] 
[INFO] [stdout] 
[INFO] [stdout] Some errors have detailed explanations: E0425, E0554, E0599.
[INFO] [stdout] 
[INFO] [stdout] For more information about an error, try `rustc --explain E0425`.
[INFO] [stdout] 
[INFO] [stderr] error: build failed
[INFO] running `Command { std: "docker" "inspect" "1e185d24c9c11d939cb369b7d0ff6c2f6e6c98401a5bc9e52c5829d7425eeebf", kill_on_drop: false }`
[INFO] running `Command { std: "docker" "rm" "-f" "1e185d24c9c11d939cb369b7d0ff6c2f6e6c98401a5bc9e52c5829d7425eeebf", kill_on_drop: false }`
[INFO] [stdout] 1e185d24c9c11d939cb369b7d0ff6c2f6e6c98401a5bc9e52c5829d7425eeebf
